-109
Let s(f) = -1649*f - 13156. Determine s(-8).
36
Let t(n) = -277*n + 12489. Give t(45).
24
Let i(z) = -233*z**2 + 13272*z + 515. What is i(57)?
2
Let f(b) = b**3 + 52*b**2 - 6038*b - 317205. Give f(-53).
0
Let n(r) = -12*r**2 - 7299*r - 1786. Determine n(-608).
38
Let g(f) = -f**2 - 348110*f - 2784822. Give g(-8).
-6
Let k(d) = 8*d**2 + 1954*d + 24055. Calculate k(-13).
5
Let y(s) = 937*s - 2808. Give y(3).
3
Let j(q) = 75*q**3 - 89*q**2 + 187*q - 38. Calculate j(2).
580
Let z(a) = -a**3 + 347*a**2 + 3947*a + 92. Calculate z(-11).
-7
Let f(p) = 4707*p - 89446. What is f(19)?
-13
Let i(x) = x**2 + 749*x - 1498. Determine i(2).
4
Let y(v) = v**2 - 14337*v + 1268058. Give y(89).
-14
Let j(m) = -4244*m - 25523. Calculate j(-5).
-4303
Let n(o) = 262*o - 34861. Give n(129).
-1063
Let w(y) = -3*y**2 + 225628*y - 451270. Give w(2).
-26
Let l(y) = -308*y + 4026. Give l(13).
22
Let v(r) = -56*r**2 - 2899*r - 2192. Determine v(-51).
1
Let u(v) = -354*v**3 + 6*v - 4. What is u(1)?
-352
Let w(y) = 777*y**2 - 27192*y - 84. What is w(35)?
21
Let j(w) = -29270*w - 907285. Give j(-31).
85
Let o(r) = -100*r**2 - 620*r - 3. Calculate o(-6).
117
Let x(f) = -42*f**2 + 141*f - 74. Determine x(2).
40
Let a(r) = r**3 - 5*r**2 - 9*r + 751. Calculate a(0).
751
Let r(c) = c**2 - 113*c + 726. Give r(100).
-574
Let o(t) = 13*t**2 - 543*t - 4606. Give o(49).
0
Let p(s) = 37*s**2 - 674*s + 582. Determine p(17).
-183
Let u(q) = 223*q - 7481. Calculate u(35).
324
Let q(c) = -c**3 - 151*c**2 - 874*c - 841. What is q(-145)?
-261
Let y(i) = -12215*i - 107217. Give y(-9).
2718
Let n(k) = -23*k**2 - 3261*k - 13034. Give n(-4).
-358
Let u(k) = -2757*k - 41352. What is u(-15)?
3
Let v(y) = -2*y**3 + 18*y**2 + 120*y - 853. Give v(11).
-17
Let l(i) = -i**3 - 7*i**2 + 184*i - 118. Give l(13).
-1106
Let c(f) = -8*f**2 - 211*f - 148. Calculate c(-45).
-6853
Let m(x) = 21*x**2 - 203*x - 143. Calculate m(11).
165
Let o(m) = -2*m**3 - 267*m**2 - 575*m + 10291. Calculate o(-131).
-189
Let p(j) = -389*j - 19243. Give p(-50).
207
Let u(q) = 825*q - 364. Calculate u(2).
1286
Let x(m) = -2*m**2 - 1992*m - 70961. What is x(-37)?
5
Let q(i) = 2*i**3 + 286*i**2 + 2178*i - 21. Calculate q(-8).
-165
Let u(t) = -3*t**2 - 130*t + 13877. Calculate u(-93).
20
Let t(u) = -50*u + 786. Give t(-18).
1686
Let g(l) = l**2 + 470*l + 18942. Calculate g(-45).
-183
Let y(q) = -q**3 - 33*q**2 - 289*q - 8184. Give y(-32).
40
Let q(w) = -8*w**2 + 41783*w - 333766. Determine q(8).
-14
Let i(z) = -z**2 - 360954*z - 2887575. What is i(-8)?
-7
Let c(i) = -4652*i - 386135. Calculate c(-83).
-19
Let b(c) = -c**2 + 98*c + 113866. Calculate b(-292).
-14
Let c(f) = 23*f**2 - 655*f + 34. Calculate c(27).
-884
Let l(q) = q**2 - 79*q + 527. Determine l(7).
23
Let u(h) = h**2 - 495*h + 24201. What is u(55)?
1
Let p(o) = -3679*o + 320056. Calculate p(87).
-17
Let q(r) = 247*r - 64174. Give q(258).
-448
Let v(d) = -5*d**2 - 67*d + 1083. What is v(-18)?
669
Let x(w) = 679*w + 70476. Determine x(-104).
-140
Let z(m) = -72*m**2 - 23430*m - 214265. Calculate z(-316).
-17
Let m(k) = -774*k - 7128. Give m(-9).
-162
Let k(w) = -2*w**3 + 8*w**2 + 4119*w + 8240. What is k(-2)?
50
Let k(i) = 4392*i - 30074. Determine k(7).
670
Let x(j) = -100*j**2 - 755*j - 13. Calculate x(-8).
-373
Let i(x) = -x**2 - 1003*x - 242687. Give i(-594).
259
Let j(g) = -55*g**2 + 18*g + 6. Determine j(-1).
-67
Let z(h) = -114*h + 10349. What is z(90)?
89
Let l(w) = 5*w**3 - 216*w**2 + 93*w - 2136. Calculate l(43).
14
Let y(p) = -p**2 - 457*p - 42053. What is y(-330)?
-143
Let n(k) = 62626*k - 438383. What is n(7)?
-1
Let f(m) = m**3 + 157*m**2 + 324*m + 1364. Calculate f(-155).
-806
Let i(k) = 63*k**2 + 361*k - 121. Give i(-6).
-19
Let k(i) = 372*i + 17347. Determine k(-47).
-137
Let u(a) = 2*a**2 - 594*a + 35286. What is u(81)?
294
Let h(s) = 86*s**2 - 1737*s + 1738. Give h(1).
87
Let o(r) = -154100*r + 2773792. Determine o(18).
-8
Let v(w) = 47*w + 2039. Determine v(-43).
18
Let g(k) = 961*k - 226814. Calculate g(236).
-18
Let h(v) = 4229*v - 25428. Determine h(6).
-54
Let u(j) = -3*j**3 - 15*j**2 + 117*j - 185. Determine u(2).
-35
Let v(s) = -1574*s + 790144. Determine v(502).
-4
Let m(b) = 6*b**2 - 327*b + 640. Give m(2).
10
Let w(s) = s**2 - 4775*s + 513124. What is w(110)?
-26
Let p(y) = 23361*y - 5279597. What is p(226)?
-11
Let u(v) = 618*v + 9432. What is u(-15)?
162
Let k(c) = c**2 - 207*c + 10727. Calculate k(97).
57
Let b(w) = -2*w**2 - 8634*w + 69205. Give b(8).
5
Let q(b) = b**3 + 18*b**2 - 4550*b - 81887. What is q(-18)?
13
Let i(g) = 32*g**2 - 428*g + 826. What is i(2)?
98
Let l(f) = -456*f + 100301. Determine l(220).
-19
Let p(x) = 8*x**2 + 977*x + 16306. What is p(-20)?
-34
Let j(q) = -11*q**2 + 44*q + 30. Give j(-2).
-102
Let x(r) = 22266*r + 868378. Give x(-39).
4
Let z(j) = -532*j**2 + 12958*j - 51494. Determine z(5).
-4
Let k(b) = 11029*b + 143462. Calculate k(-13).
85
Let n(h) = -48510*h - 1115728. Calculate n(-23).
2
Let q(o) = -47*o - 3884. Determine q(-81).
-77
Let k(u) = -2869*u - 413117. What is k(-144)?
19
Let c(j) = 48*j**3 + 286*j**2 - 20*j - 39. What is c(-6)?
9
Let l(x) = 11499*x + 3840783. Give l(-334).
117
Let w(c) = 1851*c - 6805. Determine w(4).
599
Let v(c) = 4134*c**2 - 471287*c + 1250. What is v(114)?
-4
Let z(i) = 150*i**2 + 1884*i - 43. What is z(-13)?
815
Let n(r) = -430*r**3 + 24*r**2 + 43*r - 67. Calculate n(1).
-430
Let r(a) = -10*a**3 - 1442*a**2 - 284*a + 748. Determine r(-144).
172
Let f(r) = -11*r - 483. Calculate f(-42).
-21
Let o(d) = 14*d**2 - 31*d - 576. Calculate o(8).
72
Let k(b) = -6*b**3 - 5295*b**2 + 7969*b + 11474. Give k(-884).
-18
Let v(q) = -18373*q - 91893. Calculate v(-5).
-28
Let o(f) = f**2 + 6728*f + 4080384. Calculate o(-674).
-12
Let b(i) = -4362*i - 125951. What is b(-29)?
547
Let u(c) = -c**3 - 160*c**2 + 1141*c - 4478. Give u(-167).
198
Let w(l) = l**2 + 16763*l + 117273. Determine w(-7).
-19
Let d(x) = 9773011*x - 68411077. Determine d(7).
0
Let m(t) = -10*t**3 - 881*t**2 - 887*t - 13. Determine m(-1).
3
Let d(l) = 8048*l + 1311778. What is d(-163)?
-46
Let f(k) = 16302*k + 5200332. Determine f(-319).
-6
Let q(g) = g**3 - 24*g**2 - 114*g + 3177. What is q(23)?
26
Let p(m) = -1609*m - 930032. Give p(-578).
-30
Let h(w) = 1168*w - 422955. Calculate h(362).
-139
Let g(o) = o**3 + 197*o**2 + 7435*o - 1596. Calculate g(-146).
10
Let y(p) = -2*p**3 - 70*p**2 - 454*p - 15. Give y(-9).
-141
Let m(s) = -37*s + 3132. Give m(92).
-272
Let o(i) = -i**3 - 32*i**2 + 29*i - 293. Determine o(-33).
-161
Let x(j) = -155*j**2 + 16604*j + 242. Calculate x(107).
2275
Let g(j) = 18*j**3 - 2*j**2 - 80*j + 470. Give g(5).
2270
Let b(o) = 167*o - 5819. Calculate b(37).
360
Let n(s) = 2*s**3 + 696*s**2 + 690*s - 809. What is n(-347)?
579
Let b(o) = 3*o**2 - 1819*o + 274556. Calculate b(323).
6
Let j(p) = -722*p + 23841. Calculate j(33).
15
Let j(r) = 2*r**2 - 62*r - 1137. What is j(-13)?
7
Let s(r) = 2*r**3 - 3*r**2 + 397*r - 4833. Determine s(9).
-45
Let w(i) = -3996*i**2 + 3856*i + 58. Calculate w(1).
-82
Let l(q) = -103938*q - 519852. What is l(-5)?
-162
Let b(q) = -2*q**2 + 334*q - 2283. Determine b(160).
-43
Let l(n) = n**3 + 381*n**2 + 551*n - 77917. Give l(-379).
536
Let a(x) = 17*x**2 + 21*x + 13. Calculate a(-4).
201
Let x(g) = -2556*g - 17407. Determine x(-7).
485
Let t(z) = -z**3 - 61*z**2 - 75*z + 2479. Determine t(-59).
-58
Let c(x) = -6*x**2 + 532*x - 3869. What is c(8)?
3
Let s(n) = -n**2 - 6720*n + 202489. Calculate s(30).
-11
Let u(v) = 104716*v + 314167. What is u(-3)?
19
Let y(o) = -o**3 - 1247*o**2 - 68964*o - 118. Calculate y(-58).
-2
Let z(n) = n**3 - 16*n**2 - 240*n + 362. Calculate z(25).
-13
Let s(w) = 13*w**3 - 1148*w**2 - 7358*w + 3. Give s(-6).
15
Let g(o) = 1794*o + 139942. What is g(-78)?
10
Let h(g) = 17571*g**2 - 70288*g + 19. What is h(4)?
3
Let k(j) = 3*j**2 - 100890*j - 807201. What is k(-8)?
111
Let u(b) = -46*b - 11904. Give u(-256).
-128
Let q(v) = 63731*v - 254996. Calculate q(4).
-72
Let m(l) = l**3 - 78*l**2 + 980*l - 60. Determine m(62).
-804
Let w(g) = g**3 + 45*g**2 - 451*g + 924. Determine w(3).
3
Let s(u) = -35*u**2 - 117397*u - 258100. Determine s(-3352).
4
Let m(l) = -5*l**3 - 15*l**2 - 13*l + 21. What is m(2)?
-105
Let d(u) = 679*u + 4237. What is d(-8)?
-1195